{"id":1091,"date":"2014-01-30T15:31:31","date_gmt":"2014-01-30T20:31:31","guid":{"rendered":"https:\/\/info-christianisme.org\/georges-convert"},"modified":"2018-12-09T13:27:58","modified_gmt":"2018-12-09T18:27:58","slug":"georges-convert","status":"publish","type":"page","link":"https:\/\/relaismontroyal.org\/info-christianisme.org\/wp\/?page_id=1091","title":{"rendered":"Georges Convert"},"content":{"rendered":"<p align=\"justify\"><img data-recalc-dims=\"1\" loading=\"lazy\" decoding=\"async\" class=\"wp-image-1092 alignright\" src=\"https:\/\/i0.wp.com\/info-christianisme.org\/wp\/wp-content\/uploads\/2014\/01\/Georges.jpg?resize=346%2C259\" alt=\"Georges\" width=\"346\" height=\"259\" srcset=\"https:\/\/i0.wp.com\/relaismontroyal.org\/info-christianisme.org\/wp\/wp-content\/uploads\/2014\/01\/Georges.jpg?w=1600&amp;ssl=1 1600w, https:\/\/i0.wp.com\/relaismontroyal.org\/info-christianisme.org\/wp\/wp-content\/uploads\/2014\/01\/Georges.jpg?resize=300%2C225&amp;ssl=1 300w, https:\/\/i0.wp.com\/relaismontroyal.org\/info-christianisme.org\/wp\/wp-content\/uploads\/2014\/01\/Georges.jpg?resize=1024%2C768&amp;ssl=1 1024w\" sizes=\"auto, (max-width: 346px) 100vw, 346px\" \/>Georges Convert (1936-2013)\u00a0a \u00e9t\u00e9 ordonn\u00e9 pr\u00eatre\u00a0en 1960 \u00e0 Paris, d&rsquo;o\u00f9 il est originaire. Devenu pr\u00eatre ouvrier et membre de la Mission Saint Pierre et Paul, Georges Convert est venu au Qu\u00e9bec en 1969. Il y a ensuite travaill\u00e9 dans une imprimerie comme typographe.<\/p>\n<p align=\"justify\">Il a notamment co-fond\u00e9 en\u00a01972\u00a0la <a title=\"Copam\" href=\"http:\/\/www.copam.ca\/\" target=\"_blank\" rel=\"noopener\">Copam<\/a>,\u00a0une communaut\u00e9 de base. Il est aussi le co-fondateur du <a title=\"Relais Mont-Royal\" href=\"http:\/\/relaismontroyal.org\/\" target=\"_blank\" rel=\"noopener\">Relais Mont-Royal<\/a>, un centre spirituel et culturel pour les 18-35 ans, \u00e9tabli sur le Plateau Mont-Royal \u00e0<span style=\"line-height: 1.5;\">\u00a0Montr\u00e9al<\/span><span style=\"line-height: 1.5;\">.<\/span><\/p>\n<p align=\"justify\">Auteur de plusieurs livres, il a inspir\u00e9 plusieurs g\u00e9n\u00e9rations de jeunes et de moins jeunes qui se sont r\u00e9unis le 11 janvier 2014 pour lui rentre un dernier hommage.<\/p>\n","protected":false},"excerpt":{"rendered":"<p>Georges Convert (1936-2013)\u00a0a \u00e9t\u00e9 ordonn\u00e9 pr\u00eatre\u00a0en 1960 \u00e0 Paris, d&rsquo;o\u00f9 il est originaire. Devenu pr\u00eatre ouvrier et membre de la Mission Saint Pierre et Paul, Georges Convert est venu au Qu\u00e9bec en 1969. Il y a ensuite travaill\u00e9 dans une imprimerie comme typographe. Il a notamment co-fond\u00e9 en\u00a01972\u00a0la Copam,\u00a0une communaut\u00e9 de base. Il est aussi [&hellip;]<\/p>\n","protected":false},"author":1,"featured_media":0,"parent":2,"menu_order":2,"comment_status":"closed","ping_status":"closed","template":"","meta":{"jetpack_post_was_ever_published":false,"footnotes":""},"class_list":["post-1091","page","type-page","status-publish","hentry"],"jetpack_sharing_enabled":true,"_links":{"self":[{"href":"https:\/\/relaismontroyal.org\/info-christianisme.org\/wp\/index.php?rest_route=\/wp\/v2\/pages\/1091","targetHints":{"allow":["GET"]}}],"collection":[{"href":"https:\/\/relaismontroyal.org\/info-christianisme.org\/wp\/index.php?rest_route=\/wp\/v2\/pages"}],"about":[{"href":"https:\/\/relaismontroyal.org\/info-christianisme.org\/wp\/index.php?rest_route=\/wp\/v2\/types\/page"}],"author":[{"embeddable":true,"href":"https:\/\/relaismontroyal.org\/info-christianisme.org\/wp\/index.php?rest_route=\/wp\/v2\/users\/1"}],"replies":[{"embeddable":true,"href":"https:\/\/relaismontroyal.org\/info-christianisme.org\/wp\/index.php?rest_route=%2Fwp%2Fv2%2Fcomments&post=1091"}],"version-history":[{"count":11,"href":"https:\/\/relaismontroyal.org\/info-christianisme.org\/wp\/index.php?rest_route=\/wp\/v2\/pages\/1091\/revisions"}],"predecessor-version":[{"id":1298,"href":"https:\/\/relaismontroyal.org\/info-christianisme.org\/wp\/index.php?rest_route=\/wp\/v2\/pages\/1091\/revisions\/1298"}],"up":[{"embeddable":true,"href":"https:\/\/relaismontroyal.org\/info-christianisme.org\/wp\/index.php?rest_route=\/wp\/v2\/pages\/2"}],"wp:attachment":[{"href":"https:\/\/relaismontroyal.org\/info-christianisme.org\/wp\/index.php?rest_route=%2Fwp%2Fv2%2Fmedia&parent=1091"}],"curies":[{"name":"wp","href":"https:\/\/api.w.org\/{rel}","templated":true}]}}

<p align="justify"><img data-recalc-dims="1" loading="lazy" decoding="async" class="wp-image-1092 alignright" src="https://i0.wp.com/info-christianisme.org/wp/wp-content/uploads/2014/01/Georges.jpg?resize=346%2C259" alt="Georges" width="346" height="259" srcset="https://i0.wp.com/relaismontroyal.org/info-christianisme.org/wp/wp-content/uploads/2014/01/Georges.jpg?w=1600&amp;ssl=1 1600w, https://i0.wp.com/relaismontroyal.org/info-christianisme.org/wp/wp-content/uploads/2014/01/Georges.jpg?resize=300%2C225&amp;ssl=1 300w, https://i0.wp.com/relaismontroyal.org/info-christianisme.org/wp/wp-content/uploads/2014/01/Georges.jpg?resize=1024%2C768&amp;ssl=1 1024w" sizes="auto, (max-width: 346px) 100vw, 346px" />Georges Convert (1936-2013) a été ordonné prêtre en 1960 à Paris, d&rsquo;où il est originaire. Devenu prêtre ouvrier et membre de la Mission Saint Pierre et Paul, Georges Convert est venu au Québec en 1969. Il y a ensuite travaillé dans une imprimerie comme typographe.</p>
<p align="justify">Il a notamment co-fondé en 1972 la <a title="Copam" href="http://www.copam.ca/" target="_blank" rel="noopener">Copam</a>, une communauté de base. Il est aussi le co-fondateur du <a title="Relais Mont-Royal" href="http://relaismontroyal.org/" target="_blank" rel="noopener">Relais Mont-Royal</a>, un centre spirituel et culturel pour les 18-35 ans, établi sur le Plateau Mont-Royal à<span style="line-height: 1.5;"> Montréal</span><span style="line-height: 1.5;">.</span></p>
<p align="justify">Auteur de plusieurs livres, il a inspiré plusieurs générations de jeunes et de moins jeunes qui se sont réunis le 11 janvier 2014 pour lui rentre un dernier hommage.</p>

<p>Georges Convert (1936-2013) a été ordonné prêtre en 1960 à Paris, d&rsquo;où il est originaire. Devenu prêtre ouvrier et membre de la Mission Saint Pierre et Paul, Georges Convert est venu au Québec en 1969. Il y a ensuite travaillé dans une imprimerie comme typographe. Il a notamment co-fondé en 1972 la Copam, une communauté de base. Il est aussi [&hellip;]</p>
