{"id":133404,"date":"2013-06-11T10:21:52","date_gmt":"2013-06-11T14:21:52","guid":{"rendered":"https:\/\/relaismontroyal.org\/wp\/?page_id=133404"},"modified":"2024-06-06T17:49:28","modified_gmt":"2024-06-06T21:49:28","slug":"partage-autour-textes","status":"publish","type":"page","link":"https:\/\/relaismontroyal.org\/wp\/accueil\/activites-spirituelles\/partage-autour-textes\/","title":{"rendered":"Partage autour des textes"},"content":{"rendered":"<h3><strong><a href=\"https:\/\/i0.wp.com\/relaismontroyal.org\/wp\/wp-content\/uploads\/2014\/03\/Pain.jpg?ssl=1\"><img data-recalc-dims=\"1\" loading=\"lazy\" decoding=\"async\" class=\"alignright size-medium wp-image-1227\" src=\"https:\/\/i0.wp.com\/relaismontroyal.org\/wp\/wp-content\/uploads\/2014\/03\/Pain.jpg?resize=300%2C200&#038;ssl=1\" alt=\"Pain\" width=\"300\" height=\"200\" srcset=\"https:\/\/i0.wp.com\/relaismontroyal.org\/wp\/wp-content\/uploads\/2014\/03\/Pain.jpg?resize=300%2C200&amp;ssl=1 300w, https:\/\/i0.wp.com\/relaismontroyal.org\/wp\/wp-content\/uploads\/2014\/03\/Pain.jpg?resize=1024%2C684&amp;ssl=1 1024w, https:\/\/i0.wp.com\/relaismontroyal.org\/wp\/wp-content\/uploads\/2014\/03\/Pain.jpg?w=1280&amp;ssl=1 1280w\" sizes=\"auto, (max-width: 300px) 100vw, 300px\" \/><\/a>Cette activit\u00e9 n\u2019est pas propos\u00e9 en ce moment par le Relais, mais sur demande, il est\u00a0possible de former un groupe qui se rencontrera sur base r\u00e9guli\u00e8re.<\/strong><\/h3>\n<hr \/>\n<h3>Tous les mercredis \u00e0 18h30 nous nous r\u00e9unissons pour partager nos r\u00e9flexions autour du texte liturgique de la semaine, qui sera lu et m\u00e9dit\u00e9 lors de la pri\u00e8re de 19h30.<\/h3>\n<hr \/>\n<p align=\"\">Ce moment de partage est l&rsquo;occasion pour celles et ceux qui le d\u00e9sirent d&rsquo;\u00e9changer et de partager leurs r\u00e9flexions et commentaires autour du texte de l&rsquo;\u00e9vangile de la semaine.<\/p>\n<p align=\"\">Il est possible de se pr\u00e9parer \u00e0 cet \u00e9change en lisant chaque semaine le texte \u00ab\u00a0<strong><a href=\"https:\/\/relaismontroyal.org\/wp\/category\/activites-spirituelles\/du-pain-sur-la-table\/\">du pain sur la table<\/a><\/strong>\u00a0\u00bb qui donne un commentaire sur l&rsquo;\u00e9vangile \u00e9crit par Georges Convert, ou bien \u00ab\u00a0<strong><a href=\"https:\/\/relaismontroyal.org\/wp\/category\/activites-spirituelles\/grain-de-sel\/\">le grain de sel<\/a><\/strong>\u00a0\u00bb \u00e9crit\u00a0chaque semaine\u00a0par Mario Bard.<\/p>\n<p align=\"\">La rencontre se d\u00e9roule dans la sacristie du Relais. Chacun peut apporter de quoi souper et partager la nourriture.<\/p>\n<hr \/>\n<p align=\"\">\u00c0 partir de 19h00, le partage laisse la place aux\u00a0r\u00e9p\u00e9titions des chants\u00a0(sauf les 1er mercredis du mois, o\u00f9 a lieu l&rsquo;eucharistie du Relais).<\/p>\n","protected":false},"excerpt":{"rendered":"<p>Cette activit\u00e9 n\u2019est pas propos\u00e9 en ce moment par le Relais, mais sur demande, il est\u00a0possible de former un groupe qui se rencontrera sur base r\u00e9guli\u00e8re. Tous les mercredis \u00e0 18h30 nous nous r\u00e9unissons pour partager nos r\u00e9flexions autour du &hellip; <a href=\"https:\/\/relaismontroyal.org\/wp\/accueil\/activites-spirituelles\/partage-autour-textes\/\">Lire la suite\u00ad\u00ad<\/a><\/p>\n","protected":false},"author":1,"featured_media":0,"parent":129,"menu_order":3,"comment_status":"closed","ping_status":"closed","template":"","meta":{"jetpack_post_was_ever_published":false,"footnotes":""},"class_list":["post-133404","page","type-page","status-publish","hentry"],"jetpack_sharing_enabled":true,"jetpack_likes_enabled":true,"_links":{"self":[{"href":"https:\/\/relaismontroyal.org\/wp\/wp-json\/wp\/v2\/pages\/133404","targetHints":{"allow":["GET"]}}],"collection":[{"href":"https:\/\/relaismontroyal.org\/wp\/wp-json\/wp\/v2\/pages"}],"about":[{"href":"https:\/\/relaismontroyal.org\/wp\/wp-json\/wp\/v2\/types\/page"}],"author":[{"embeddable":true,"href":"https:\/\/relaismontroyal.org\/wp\/wp-json\/wp\/v2\/users\/1"}],"replies":[{"embeddable":true,"href":"https:\/\/relaismontroyal.org\/wp\/wp-json\/wp\/v2\/comments?post=133404"}],"version-history":[{"count":7,"href":"https:\/\/relaismontroyal.org\/wp\/wp-json\/wp\/v2\/pages\/133404\/revisions"}],"predecessor-version":[{"id":193290,"href":"https:\/\/relaismontroyal.org\/wp\/wp-json\/wp\/v2\/pages\/133404\/revisions\/193290"}],"up":[{"embeddable":true,"href":"https:\/\/relaismontroyal.org\/wp\/wp-json\/wp\/v2\/pages\/129"}],"wp:attachment":[{"href":"https:\/\/relaismontroyal.org\/wp\/wp-json\/wp\/v2\/media?parent=133404"}],"curies":[{"name":"wp","href":"https:\/\/api.w.org\/{rel}","templated":true}]}}

<h3><strong><a href="https://i0.wp.com/relaismontroyal.org/wp/wp-content/uploads/2014/03/Pain.jpg?ssl=1"><img data-recalc-dims="1" loading="lazy" decoding="async" class="alignright size-medium wp-image-1227" src="https://i0.wp.com/relaismontroyal.org/wp/wp-content/uploads/2014/03/Pain.jpg?resize=300%2C200&#038;ssl=1" alt="Pain" width="300" height="200" srcset="https://i0.wp.com/relaismontroyal.org/wp/wp-content/uploads/2014/03/Pain.jpg?resize=300%2C200&amp;ssl=1 300w, https://i0.wp.com/relaismontroyal.org/wp/wp-content/uploads/2014/03/Pain.jpg?resize=1024%2C684&amp;ssl=1 1024w, https://i0.wp.com/relaismontroyal.org/wp/wp-content/uploads/2014/03/Pain.jpg?w=1280&amp;ssl=1 1280w" sizes="auto, (max-width: 300px) 100vw, 300px" /></a>Cette activité n’est pas proposé en ce moment par le Relais, mais sur demande, il est possible de former un groupe qui se rencontrera sur base régulière.</strong></h3>
<hr />
<h3>Tous les mercredis à 18h30 nous nous réunissons pour partager nos réflexions autour du texte liturgique de la semaine, qui sera lu et médité lors de la prière de 19h30.</h3>
<hr />
<p align="">Ce moment de partage est l&rsquo;occasion pour celles et ceux qui le désirent d&rsquo;échanger et de partager leurs réflexions et commentaires autour du texte de l&rsquo;évangile de la semaine.</p>
<p align="">Il est possible de se préparer à cet échange en lisant chaque semaine le texte « <strong><a href="https://relaismontroyal.org/wp/category/activites-spirituelles/du-pain-sur-la-table/">du pain sur la table</a></strong> » qui donne un commentaire sur l&rsquo;évangile écrit par Georges Convert, ou bien « <strong><a href="https://relaismontroyal.org/wp/category/activites-spirituelles/grain-de-sel/">le grain de sel</a></strong> » écrit chaque semaine par Mario Bard.</p>
<p align="">La rencontre se déroule dans la sacristie du Relais. Chacun peut apporter de quoi souper et partager la nourriture.</p>
<hr />
<p align="">À partir de 19h00, le partage laisse la place aux répétitions des chants (sauf les 1er mercredis du mois, où a lieu l&rsquo;eucharistie du Relais).</p>

<p>Cette activité n’est pas proposé en ce moment par le Relais, mais sur demande, il est possible de former un groupe qui se rencontrera sur base régulière. Tous les mercredis à 18h30 nous nous réunissons pour partager nos réflexions autour du &hellip; <a href="https://relaismontroyal.org/wp/accueil/activites-spirituelles/partage-autour-textes/">Lire la suite­­</a></p>
